{"id":56,"date":"2015-04-29T07:52:14","date_gmt":"2015-04-29T07:52:14","guid":{"rendered":"http:\/\/test.ff-zitternberg.at\/wordpress\/?page_id=56"},"modified":"2023-09-08T09:20:24","modified_gmt":"2023-09-08T08:20:24","slug":"mannschaftstransportfahrzeug","status":"publish","type":"page","link":"https:\/\/www.ff-zitternberg.at\/index.php\/fahrzeuge-und-geraet\/mannschaftstransportfahrzeug\/","title":{"rendered":"MTF"},"content":{"rendered":"<p><a href=\"http:\/\/www.ff-zitternberg.at\/wp-content\/uploads\/2023\/09\/IMG-20230901-WA0013.jpg\"><img loading=\"lazy\" decoding=\"async\" class=\"alignnone size-full wp-image-2841\" src=\"http:\/\/www.ff-zitternberg.at\/wp-content\/uploads\/2023\/09\/IMG-20230901-WA0013.jpg\" alt=\"\" width=\"1536\" height=\"2048\" srcset=\"https:\/\/www.ff-zitternberg.at\/wp-content\/uploads\/2023\/09\/IMG-20230901-WA0013.jpg 1536w, https:\/\/www.ff-zitternberg.at\/wp-content\/uploads\/2023\/09\/IMG-20230901-WA0013-225x300.jpg 225w, https:\/\/www.ff-zitternberg.at\/wp-content\/uploads\/2023\/09\/IMG-20230901-WA0013-768x1024.jpg 768w, https:\/\/www.ff-zitternberg.at\/wp-content\/uploads\/2023\/09\/IMG-20230901-WA0013-1152x1536.jpg 1152w\" sizes=\"(max-width: 1536px) 100vw, 1536px\" \/><\/a><\/p>\n<p>Bezeichnung: Mannschaftstransportfahrzeug<br \/>\nType: VW T5 Caravelle<br \/>\nAufbauhersteller: Eigenregie<br \/>\nBaujahr: 2014<br \/>\nBesatzung: 9 Mann<\/p>\n<p>Ausr\u00fcstung:<\/p>\n<ul>\n<li>Handfeuerl\u00f6scher<\/li>\n<li>Einsatzleitunterlagen<\/li>\n<li>Absperrger\u00e4te<\/li>\n<\/ul>\n<p>Das Fahrzeug wurde 2023 in gebrauchtem Zustand angekauft und in Eigenregie zu einem Einsatzfahrzeug umgebaut.<\/p>\n","protected":false},"excerpt":{"rendered":"<p>Bezeichnung: Mannschaftstransportfahrzeug Type: VW T5 Caravelle Aufbauhersteller: Eigenregie Baujahr: 2014 Besatzung: 9 Mann Ausr\u00fcstung: Handfeuerl\u00f6scher Einsatzleitunterlagen Absperrger\u00e4te Das Fahrzeug wurde<\/p>\n","protected":false},"author":1,"featured_media":0,"parent":30,"menu_order":3,"comment_status":"closed","ping_status":"closed","template":"","meta":{"footnotes":""},"_links":{"self":[{"href":"https:\/\/www.ff-zitternberg.at\/index.php\/wp-json\/wp\/v2\/pages\/56"}],"collection":[{"href":"https:\/\/www.ff-zitternberg.at\/index.php\/wp-json\/wp\/v2\/pages"}],"about":[{"href":"https:\/\/www.ff-zitternberg.at\/index.php\/wp-json\/wp\/v2\/types\/page"}],"author":[{"embeddable":true,"href":"https:\/\/www.ff-zitternberg.at\/index.php\/wp-json\/wp\/v2\/users\/1"}],"replies":[{"embeddable":true,"href":"https:\/\/www.ff-zitternberg.at\/index.php\/wp-json\/wp\/v2\/comments?post=56"}],"version-history":[{"count":9,"href":"https:\/\/www.ff-zitternberg.at\/index.php\/wp-json\/wp\/v2\/pages\/56\/revisions"}],"predecessor-version":[{"id":2844,"href":"https:\/\/www.ff-zitternberg.at\/index.php\/wp-json\/wp\/v2\/pages\/56\/revisions\/2844"}],"up":[{"embeddable":true,"href":"https:\/\/www.ff-zitternberg.at\/index.php\/wp-json\/wp\/v2\/pages\/30"}],"wp:attachment":[{"href":"https:\/\/www.ff-zitternberg.at\/index.php\/wp-json\/wp\/v2\/media?parent=56"}],"curies":[{"name":"wp","href":"https:\/\/api.w.org\/{rel}","templated":true}]}}